{"id":10,"date":"2024-06-10T17:34:26","date_gmt":"2024-06-10T15:34:26","guid":{"rendered":"https:\/\/paggqin.cluster030.hosting.ovh.net\/?page_id=10"},"modified":"2025-01-18T15:40:16","modified_gmt":"2025-01-18T14:40:16","slug":"a-propos-de","status":"publish","type":"page","link":"https:\/\/le-cercle-des-arts-asiatiques.fr\/?page_id=10","title":{"rendered":"L&rsquo;association"},"content":{"rendered":"\n<p>L\u2019association <strong>\u00ab&nbsp;Le Cercle des Arts Asiatiques&nbsp;\u00bb<\/strong> a \u00e9t\u00e9 fond\u00e9 en l\u2019an 2017 par <strong><a href=\"https:\/\/le-cercle-des-arts-asiatiques.fr\/?p=100\" data-type=\"post\" data-id=\"100\">Kim TRAN<\/a><\/strong> dans le but de promouvoir et transmettre sa passion pour les arts asiatiques \u00e0 travers leurs cultures, leurs traditions et particuli\u00e8rement les arts martiaux et les arts \u00e9nerg\u00e9tiques chinois, Kung Fu &#8211; Wu Shu &#8211; Taiji &#8211; Qi Gong. Ainsi que la calligraphie, la peinture chinoise, l\u2019origami \u2026<\/p>\n\n\n\n<p>L\u2019Association se nomme \u00e9galement <strong>\u00ab&nbsp;Le Cercle&nbsp;\u00bb.<\/strong><\/p>\n\n\n\n<figure class=\"wp-block-image size-large\"><img loading=\"lazy\" decoding=\"async\" width=\"1024\" height=\"504\" src=\"https:\/\/le-cercle-des-arts-asiatiques.fr\/wp-content\/uploads\/2024\/06\/1717088874692-1024x504.jpg\" alt=\"\" class=\"wp-image-79\" srcset=\"https:\/\/le-cercle-des-arts-asiatiques.fr\/wp-content\/uploads\/2024\/06\/1717088874692-1024x504.jpg 1024w, https:\/\/le-cercle-des-arts-asiatiques.fr\/wp-content\/uploads\/2024\/06\/1717088874692-300x148.jpg 300w, https:\/\/le-cercle-des-arts-asiatiques.fr\/wp-content\/uploads\/2024\/06\/1717088874692-768x378.jpg 768w, https:\/\/le-cercle-des-arts-asiatiques.fr\/wp-content\/uploads\/2024\/06\/1717088874692.jpg 1080w\" sizes=\"auto, (max-width: 1024px) 100vw, 1024px\" \/><\/figure>\n\n\n\n<figure class=\"wp-block-image size-large\"><img loading=\"lazy\" decoding=\"async\" width=\"1024\" height=\"349\" src=\"https:\/\/le-cercle-des-arts-asiatiques.fr\/wp-content\/uploads\/2024\/06\/1717088773037-1024x349.jpg\" alt=\"\" class=\"wp-image-80\" srcset=\"https:\/\/le-cercle-des-arts-asiatiques.fr\/wp-content\/uploads\/2024\/06\/1717088773037-1024x349.jpg 1024w, https:\/\/le-cercle-des-arts-asiatiques.fr\/wp-content\/uploads\/2024\/06\/1717088773037-300x102.jpg 300w, https:\/\/le-cercle-des-arts-asiatiques.fr\/wp-content\/uploads\/2024\/06\/1717088773037-768x262.jpg 768w, https:\/\/le-cercle-des-arts-asiatiques.fr\/wp-content\/uploads\/2024\/06\/1717088773037.jpg 1080w\" sizes=\"auto, (max-width: 1024px) 100vw, 1024px\" \/><\/figure>\n\n\n\n<figure class=\"wp-block-image size-large\"><img loading=\"lazy\" decoding=\"async\" width=\"850\" height=\"1024\" src=\"https:\/\/le-cercle-des-arts-asiatiques.fr\/wp-content\/uploads\/2024\/07\/IMG_20240701_231217-850x1024.jpg\" alt=\"\" class=\"wp-image-157\" srcset=\"https:\/\/le-cercle-des-arts-asiatiques.fr\/wp-content\/uploads\/2024\/07\/IMG_20240701_231217-850x1024.jpg 850w, https:\/\/le-cercle-des-arts-asiatiques.fr\/wp-content\/uploads\/2024\/07\/IMG_20240701_231217-249x300.jpg 249w, https:\/\/le-cercle-des-arts-asiatiques.fr\/wp-content\/uploads\/2024\/07\/IMG_20240701_231217-768x925.jpg 768w, https:\/\/le-cercle-des-arts-asiatiques.fr\/wp-content\/uploads\/2024\/07\/IMG_20240701_231217.jpg 1200w\" sizes=\"auto, (max-width: 850px) 100vw, 850px\" \/><\/figure>\n\n\n\n<figure class=\"wp-block-gallery has-nested-images columns-default is-cropped wp-block-gallery-1 is-layout-flex wp-block-gallery-is-layout-flex\">\n<figure class=\"wp-block-image size-large\"><img loading=\"lazy\" decoding=\"async\" width=\"721\" height=\"1024\" data-id=\"81\" src=\"https:\/\/le-cercle-des-arts-asiatiques.fr\/wp-content\/uploads\/2024\/06\/1717088928735-721x1024.jpg\" alt=\"\" class=\"wp-image-81\" srcset=\"https:\/\/le-cercle-des-arts-asiatiques.fr\/wp-content\/uploads\/2024\/06\/1717088928735-721x1024.jpg 721w, https:\/\/le-cercle-des-arts-asiatiques.fr\/wp-content\/uploads\/2024\/06\/1717088928735-211x300.jpg 211w, https:\/\/le-cercle-des-arts-asiatiques.fr\/wp-content\/uploads\/2024\/06\/1717088928735-768x1090.jpg 768w, https:\/\/le-cercle-des-arts-asiatiques.fr\/wp-content\/uploads\/2024\/06\/1717088928735-1082x1536.jpg 1082w, https:\/\/le-cercle-des-arts-asiatiques.fr\/wp-content\/uploads\/2024\/06\/1717088928735-1443x2048.jpg 1443w, https:\/\/le-cercle-des-arts-asiatiques.fr\/wp-content\/uploads\/2024\/06\/1717088928735-1200x1703.jpg 1200w, https:\/\/le-cercle-des-arts-asiatiques.fr\/wp-content\/uploads\/2024\/06\/1717088928735.jpg 1721w\" sizes=\"auto, (max-width: 721px) 100vw, 721px\" \/><\/figure>\n\n\n\n<figure class=\"wp-block-image size-large\"><img loading=\"lazy\" decoding=\"async\" width=\"1024\" height=\"461\" data-id=\"75\" src=\"https:\/\/le-cercle-des-arts-asiatiques.fr\/wp-content\/uploads\/2024\/06\/1717088874664-1024x461.jpg\" alt=\"\" class=\"wp-image-75\" srcset=\"https:\/\/le-cercle-des-arts-asiatiques.fr\/wp-content\/uploads\/2024\/06\/1717088874664-1024x461.jpg 1024w, https:\/\/le-cercle-des-arts-asiatiques.fr\/wp-content\/uploads\/2024\/06\/1717088874664-300x135.jpg 300w, https:\/\/le-cercle-des-arts-asiatiques.fr\/wp-content\/uploads\/2024\/06\/1717088874664-768x346.jpg 768w, https:\/\/le-cercle-des-arts-asiatiques.fr\/wp-content\/uploads\/2024\/06\/1717088874664-1536x691.jpg 1536w, https:\/\/le-cercle-des-arts-asiatiques.fr\/wp-content\/uploads\/2024\/06\/1717088874664-2048x922.jpg 2048w, https:\/\/le-cercle-des-arts-asiatiques.fr\/wp-content\/uploads\/2024\/06\/1717088874664-1200x540.jpg 1200w, https:\/\/le-cercle-des-arts-asiatiques.fr\/wp-content\/uploads\/2024\/06\/1717088874664-1980x891.jpg 1980w\" sizes=\"auto, (max-width: 1024px) 100vw, 1024px\" \/><\/figure>\n<\/figure>\n\n\n\n<figure class=\"wp-block-gallery has-nested-images columns-default is-cropped wp-block-gallery-2 is-layout-flex wp-block-gallery-is-layout-flex\">\n<figure class=\"wp-block-image size-large\"><img loading=\"lazy\" decoding=\"async\" width=\"1024\" height=\"581\" data-id=\"77\" src=\"https:\/\/le-cercle-des-arts-asiatiques.fr\/wp-content\/uploads\/2024\/06\/1717088874677-1024x581.jpg\" alt=\"\" class=\"wp-image-77\" srcset=\"https:\/\/le-cercle-des-arts-asiatiques.fr\/wp-content\/uploads\/2024\/06\/1717088874677-1024x581.jpg 1024w, https:\/\/le-cercle-des-arts-asiatiques.fr\/wp-content\/uploads\/2024\/06\/1717088874677-300x170.jpg 300w, https:\/\/le-cercle-des-arts-asiatiques.fr\/wp-content\/uploads\/2024\/06\/1717088874677-768x435.jpg 768w, https:\/\/le-cercle-des-arts-asiatiques.fr\/wp-content\/uploads\/2024\/06\/1717088874677-1536x871.jpg 1536w, https:\/\/le-cercle-des-arts-asiatiques.fr\/wp-content\/uploads\/2024\/06\/1717088874677-1200x680.jpg 1200w, https:\/\/le-cercle-des-arts-asiatiques.fr\/wp-content\/uploads\/2024\/06\/1717088874677.jpg 1905w\" sizes=\"auto, (max-width: 1024px) 100vw, 1024px\" \/><\/figure>\n\n\n\n<figure class=\"wp-block-image size-large\"><img loading=\"lazy\" decoding=\"async\" width=\"461\" height=\"1024\" data-id=\"82\" src=\"https:\/\/le-cercle-des-arts-asiatiques.fr\/wp-content\/uploads\/2024\/06\/1717088928720-461x1024.jpg\" alt=\"\" class=\"wp-image-82\" srcset=\"https:\/\/le-cercle-des-arts-asiatiques.fr\/wp-content\/uploads\/2024\/06\/1717088928720-461x1024.jpg 461w, https:\/\/le-cercle-des-arts-asiatiques.fr\/wp-content\/uploads\/2024\/06\/1717088928720-135x300.jpg 135w, https:\/\/le-cercle-des-arts-asiatiques.fr\/wp-content\/uploads\/2024\/06\/1717088928720-768x1707.jpg 768w, https:\/\/le-cercle-des-arts-asiatiques.fr\/wp-content\/uploads\/2024\/06\/1717088928720-691x1536.jpg 691w, https:\/\/le-cercle-des-arts-asiatiques.fr\/wp-content\/uploads\/2024\/06\/1717088928720-922x2048.jpg 922w, https:\/\/le-cercle-des-arts-asiatiques.fr\/wp-content\/uploads\/2024\/06\/1717088928720-1200x2667.jpg 1200w, https:\/\/le-cercle-des-arts-asiatiques.fr\/wp-content\/uploads\/2024\/06\/1717088928720-1980x4400.jpg 1980w, https:\/\/le-cercle-des-arts-asiatiques.fr\/wp-content\/uploads\/2024\/06\/1717088928720-scaled.jpg 1152w\" sizes=\"auto, (max-width: 461px) 100vw, 461px\" \/><\/figure>\n<\/figure>\n","protected":false},"excerpt":{"rendered":"<p>L\u2019association \u00ab&nbsp;Le Cercle des Arts Asiatiques&nbsp;\u00bb a \u00e9t\u00e9 fond\u00e9 en l\u2019an 2017 par Kim TRAN dans le but de promouvoir et transmettre sa passion pour les arts asiatiques \u00e0 travers leurs cultures, leurs traditions et particuli\u00e8rement les arts martiaux et les arts \u00e9nerg\u00e9tiques chinois, Kung Fu &#8211; Wu Shu &#8211; Taiji &#8211; Qi Gong. Ainsi [&hellip;]<\/p>\n","protected":false},"author":2,"featured_media":0,"parent":0,"menu_order":0,"comment_status":"closed","ping_status":"closed","template":"","meta":{"footnotes":""},"class_list":["post-10","page","type-page","status-publish","hentry"],"yoast_head":"<!-- This site is optimized with the Yoast SEO plugin v24.2 - https:\/\/yoast.com\/wordpress\/plugins\/seo\/ -->\n<title>L&#039;association - Le Cercle Des Arts Asiatiques<\/title>\n<meta name=\"robots\" content=\"index, follow, max-snippet:-1, max-image-preview:large, max-video-preview:-1\" \/>\n<link rel=\"canonical\" href=\"https:\/\/le-cercle-des-arts-asiatiques.fr\/?page_id=10\" \/>\n<meta property=\"og:locale\" content=\"fr_FR\" \/>\n<meta property=\"og:type\" content=\"article\" \/>\n<meta property=\"og:title\" content=\"L&#039;association - Le Cercle Des Arts Asiatiques\" \/>\n<meta property=\"og:description\" content=\"L\u2019association \u00ab&nbsp;Le Cercle des Arts Asiatiques&nbsp;\u00bb a \u00e9t\u00e9 fond\u00e9 en l\u2019an 2017 par Kim TRAN dans le but de promouvoir et transmettre sa passion pour les arts asiatiques \u00e0 travers leurs cultures, leurs traditions et particuli\u00e8rement les arts martiaux et les arts \u00e9nerg\u00e9tiques chinois, Kung Fu &#8211; Wu Shu &#8211; Taiji &#8211; Qi Gong. Ainsi [&hellip;]\" \/>\n<meta property=\"og:url\" content=\"https:\/\/le-cercle-des-arts-asiatiques.fr\/?page_id=10\" \/>\n<meta property=\"og:site_name\" content=\"Le Cercle Des Arts Asiatiques\" \/>\n<meta property=\"article:publisher\" content=\"https:\/\/www.facebook.com\/filledejade.kim\" \/>\n<meta property=\"article:modified_time\" content=\"2025-01-18T14:40:16+00:00\" \/>\n<meta property=\"og:image\" content=\"https:\/\/le-cercle-des-arts-asiatiques.fr\/wp-content\/uploads\/2024\/06\/1717088874692.jpg\" \/>\n\t<meta property=\"og:image:width\" content=\"1080\" \/>\n\t<meta property=\"og:image:height\" content=\"532\" \/>\n\t<meta property=\"og:image:type\" content=\"image\/jpeg\" \/>\n<meta name=\"twitter:card\" content=\"summary_large_image\" \/>\n<meta name=\"twitter:label1\" content=\"Dur\u00e9e de lecture estim\u00e9e\" \/>\n\t<meta name=\"twitter:data1\" content=\"2 minutes\" \/>\n<script type=\"application\/ld+json\" class=\"yoast-schema-graph\">{\"@context\":\"https:\/\/schema.org\",\"@graph\":[{\"@type\":\"WebPage\",\"@id\":\"https:\/\/le-cercle-des-arts-asiatiques.fr\/?page_id=10\",\"url\":\"https:\/\/le-cercle-des-arts-asiatiques.fr\/?page_id=10\",\"name\":\"L'association - Le Cercle Des Arts Asiatiques\",\"isPartOf\":{\"@id\":\"https:\/\/le-cercle-des-arts-asiatiques.fr\/#website\"},\"primaryImageOfPage\":{\"@id\":\"https:\/\/le-cercle-des-arts-asiatiques.fr\/?page_id=10#primaryimage\"},\"image\":{\"@id\":\"https:\/\/le-cercle-des-arts-asiatiques.fr\/?page_id=10#primaryimage\"},\"thumbnailUrl\":\"https:\/\/le-cercle-des-arts-asiatiques.fr\/wp-content\/uploads\/2024\/06\/1717088874692-1024x504.jpg\",\"datePublished\":\"2024-06-10T15:34:26+00:00\",\"dateModified\":\"2025-01-18T14:40:16+00:00\",\"breadcrumb\":{\"@id\":\"https:\/\/le-cercle-des-arts-asiatiques.fr\/?page_id=10#breadcrumb\"},\"inLanguage\":\"fr-FR\",\"potentialAction\":[{\"@type\":\"ReadAction\",\"target\":[\"https:\/\/le-cercle-des-arts-asiatiques.fr\/?page_id=10\"]}]},{\"@type\":\"ImageObject\",\"inLanguage\":\"fr-FR\",\"@id\":\"https:\/\/le-cercle-des-arts-asiatiques.fr\/?page_id=10#primaryimage\",\"url\":\"https:\/\/le-cercle-des-arts-asiatiques.fr\/wp-content\/uploads\/2024\/06\/1717088874692.jpg\",\"contentUrl\":\"https:\/\/le-cercle-des-arts-asiatiques.fr\/wp-content\/uploads\/2024\/06\/1717088874692.jpg\",\"width\":1080,\"height\":532},{\"@type\":\"BreadcrumbList\",\"@id\":\"https:\/\/le-cercle-des-arts-asiatiques.fr\/?page_id=10#breadcrumb\",\"itemListElement\":[{\"@type\":\"ListItem\",\"position\":1,\"name\":\"Accueil\",\"item\":\"https:\/\/le-cercle-des-arts-asiatiques.fr\/\"},{\"@type\":\"ListItem\",\"position\":2,\"name\":\"L&rsquo;association\"}]},{\"@type\":\"WebSite\",\"@id\":\"https:\/\/le-cercle-des-arts-asiatiques.fr\/#website\",\"url\":\"https:\/\/le-cercle-des-arts-asiatiques.fr\/\",\"name\":\"Le Cercle Des Arts Asiatiques\",\"description\":\"Wushu, Taichi, QiGong \u00e0 Fresnes\",\"publisher\":{\"@id\":\"https:\/\/le-cercle-des-arts-asiatiques.fr\/#organization\"},\"alternateName\":\"Le Cercle\",\"potentialAction\":[{\"@type\":\"SearchAction\",\"target\":{\"@type\":\"EntryPoint\",\"urlTemplate\":\"https:\/\/le-cercle-des-arts-asiatiques.fr\/?s={search_term_string}\"},\"query-input\":{\"@type\":\"PropertyValueSpecification\",\"valueRequired\":true,\"valueName\":\"search_term_string\"}}],\"inLanguage\":\"fr-FR\"},{\"@type\":\"Organization\",\"@id\":\"https:\/\/le-cercle-des-arts-asiatiques.fr\/#organization\",\"name\":\"Le Cercle Des Arts Asiatiques\",\"alternateName\":\"Le Cercle\",\"url\":\"https:\/\/le-cercle-des-arts-asiatiques.fr\/\",\"logo\":{\"@type\":\"ImageObject\",\"inLanguage\":\"fr-FR\",\"@id\":\"https:\/\/le-cercle-des-arts-asiatiques.fr\/#\/schema\/logo\/image\/\",\"url\":\"https:\/\/le-cercle-des-arts-asiatiques.fr\/wp-content\/uploads\/2024\/07\/1717088773013.jpg\",\"contentUrl\":\"https:\/\/le-cercle-des-arts-asiatiques.fr\/wp-content\/uploads\/2024\/07\/1717088773013.jpg\",\"width\":1080,\"height\":1244,\"caption\":\"Le Cercle Des Arts Asiatiques\"},\"image\":{\"@id\":\"https:\/\/le-cercle-des-arts-asiatiques.fr\/#\/schema\/logo\/image\/\"},\"sameAs\":[\"https:\/\/www.facebook.com\/filledejade.kim\",\"https:\/\/www.instagram.com\/kim_le_cercle\/\"]}]}<\/script>\n<!-- \/ Yoast SEO plugin. -->","yoast_head_json":{"title":"L'association - Le Cercle Des Arts Asiatiques","robots":{"index":"index","follow":"follow","max-snippet":"max-snippet:-1","max-image-preview":"max-image-preview:large","max-video-preview":"max-video-preview:-1"},"canonical":"https:\/\/le-cercle-des-arts-asiatiques.fr\/?page_id=10","og_locale":"fr_FR","og_type":"article","og_title":"L'association - Le Cercle Des Arts Asiatiques","og_description":"L\u2019association \u00ab&nbsp;Le Cercle des Arts Asiatiques&nbsp;\u00bb a \u00e9t\u00e9 fond\u00e9 en l\u2019an 2017 par Kim TRAN dans le but de promouvoir et transmettre sa passion pour les arts asiatiques \u00e0 travers leurs cultures, leurs traditions et particuli\u00e8rement les arts martiaux et les arts \u00e9nerg\u00e9tiques chinois, Kung Fu &#8211; Wu Shu &#8211; Taiji &#8211; Qi Gong. Ainsi [&hellip;]","og_url":"https:\/\/le-cercle-des-arts-asiatiques.fr\/?page_id=10","og_site_name":"Le Cercle Des Arts Asiatiques","article_publisher":"https:\/\/www.facebook.com\/filledejade.kim","article_modified_time":"2025-01-18T14:40:16+00:00","og_image":[{"width":1080,"height":532,"url":"https:\/\/le-cercle-des-arts-asiatiques.fr\/wp-content\/uploads\/2024\/06\/1717088874692.jpg","type":"image\/jpeg"}],"twitter_card":"summary_large_image","twitter_misc":{"Dur\u00e9e de lecture estim\u00e9e":"2 minutes"},"schema":{"@context":"https:\/\/schema.org","@graph":[{"@type":"WebPage","@id":"https:\/\/le-cercle-des-arts-asiatiques.fr\/?page_id=10","url":"https:\/\/le-cercle-des-arts-asiatiques.fr\/?page_id=10","name":"L'association - Le Cercle Des Arts Asiatiques","isPartOf":{"@id":"https:\/\/le-cercle-des-arts-asiatiques.fr\/#website"},"primaryImageOfPage":{"@id":"https:\/\/le-cercle-des-arts-asiatiques.fr\/?page_id=10#primaryimage"},"image":{"@id":"https:\/\/le-cercle-des-arts-asiatiques.fr\/?page_id=10#primaryimage"},"thumbnailUrl":"https:\/\/le-cercle-des-arts-asiatiques.fr\/wp-content\/uploads\/2024\/06\/1717088874692-1024x504.jpg","datePublished":"2024-06-10T15:34:26+00:00","dateModified":"2025-01-18T14:40:16+00:00","breadcrumb":{"@id":"https:\/\/le-cercle-des-arts-asiatiques.fr\/?page_id=10#breadcrumb"},"inLanguage":"fr-FR","potentialAction":[{"@type":"ReadAction","target":["https:\/\/le-cercle-des-arts-asiatiques.fr\/?page_id=10"]}]},{"@type":"ImageObject","inLanguage":"fr-FR","@id":"https:\/\/le-cercle-des-arts-asiatiques.fr\/?page_id=10#primaryimage","url":"https:\/\/le-cercle-des-arts-asiatiques.fr\/wp-content\/uploads\/2024\/06\/1717088874692.jpg","contentUrl":"https:\/\/le-cercle-des-arts-asiatiques.fr\/wp-content\/uploads\/2024\/06\/1717088874692.jpg","width":1080,"height":532},{"@type":"BreadcrumbList","@id":"https:\/\/le-cercle-des-arts-asiatiques.fr\/?page_id=10#breadcrumb","itemListElement":[{"@type":"ListItem","position":1,"name":"Accueil","item":"https:\/\/le-cercle-des-arts-asiatiques.fr\/"},{"@type":"ListItem","position":2,"name":"L&rsquo;association"}]},{"@type":"WebSite","@id":"https:\/\/le-cercle-des-arts-asiatiques.fr\/#website","url":"https:\/\/le-cercle-des-arts-asiatiques.fr\/","name":"Le Cercle Des Arts Asiatiques","description":"Wushu, Taichi, QiGong \u00e0 Fresnes","publisher":{"@id":"https:\/\/le-cercle-des-arts-asiatiques.fr\/#organization"},"alternateName":"Le Cercle","potentialAction":[{"@type":"SearchAction","target":{"@type":"EntryPoint","urlTemplate":"https:\/\/le-cercle-des-arts-asiatiques.fr\/?s={search_term_string}"},"query-input":{"@type":"PropertyValueSpecification","valueRequired":true,"valueName":"search_term_string"}}],"inLanguage":"fr-FR"},{"@type":"Organization","@id":"https:\/\/le-cercle-des-arts-asiatiques.fr\/#organization","name":"Le Cercle Des Arts Asiatiques","alternateName":"Le Cercle","url":"https:\/\/le-cercle-des-arts-asiatiques.fr\/","logo":{"@type":"ImageObject","inLanguage":"fr-FR","@id":"https:\/\/le-cercle-des-arts-asiatiques.fr\/#\/schema\/logo\/image\/","url":"https:\/\/le-cercle-des-arts-asiatiques.fr\/wp-content\/uploads\/2024\/07\/1717088773013.jpg","contentUrl":"https:\/\/le-cercle-des-arts-asiatiques.fr\/wp-content\/uploads\/2024\/07\/1717088773013.jpg","width":1080,"height":1244,"caption":"Le Cercle Des Arts Asiatiques"},"image":{"@id":"https:\/\/le-cercle-des-arts-asiatiques.fr\/#\/schema\/logo\/image\/"},"sameAs":["https:\/\/www.facebook.com\/filledejade.kim","https:\/\/www.instagram.com\/kim_le_cercle\/"]}]}},"_links":{"self":[{"href":"https:\/\/le-cercle-des-arts-asiatiques.fr\/index.php?rest_route=\/wp\/v2\/pages\/10","targetHints":{"allow":["GET"]}}],"collection":[{"href":"https:\/\/le-cercle-des-arts-asiatiques.fr\/index.php?rest_route=\/wp\/v2\/pages"}],"about":[{"href":"https:\/\/le-cercle-des-arts-asiatiques.fr\/index.php?rest_route=\/wp\/v2\/types\/page"}],"author":[{"embeddable":true,"href":"https:\/\/le-cercle-des-arts-asiatiques.fr\/index.php?rest_route=\/wp\/v2\/users\/2"}],"replies":[{"embeddable":true,"href":"https:\/\/le-cercle-des-arts-asiatiques.fr\/index.php?rest_route=%2Fwp%2Fv2%2Fcomments&post=10"}],"version-history":[{"count":8,"href":"https:\/\/le-cercle-des-arts-asiatiques.fr\/index.php?rest_route=\/wp\/v2\/pages\/10\/revisions"}],"predecessor-version":[{"id":177,"href":"https:\/\/le-cercle-des-arts-asiatiques.fr\/index.php?rest_route=\/wp\/v2\/pages\/10\/revisions\/177"}],"wp:attachment":[{"href":"https:\/\/le-cercle-des-arts-asiatiques.fr\/index.php?rest_route=%2Fwp%2Fv2%2Fmedia&parent=10"}],"curies":[{"name":"wp","href":"https:\/\/api.w.org\/{rel}","templated":true}]}}